.
2, 3, 47
Suppose 3*r + 6670 + 23861 = 4*r. List the prime factors of r.
3, 10177
Suppose -4*d + 2*p = -28626, 5*d - 9*p - 35781 = -8*p. List the prime factors of d.
2, 1789
Let j(m) = -m**3 - 21*m**2 + 19*m - 2. Let b be j(-22). Let n = 69 - b. Suppose 2*t + n*k + 3 = 0, 0 = 4*k - 3*k + 3. List the prime factors of t.
2, 3
Let f(t) = 7*t**2 - 4*t - 205. Let p be f(16). Let v = p + -602. What are the prime factors of v?
3, 307
Let a be -7*-9*(-10)/(-105). Let x(v) = 263*v + 44. What are the prime factors of x(a)?
2, 811
Let w(v) = -v**3 - 2. Let p be w(-2). Suppose 2*z - 1432 = 4*y, p*z - z + 5*y - 3625 = 0. What are the prime factors of z?
2, 19
Suppose -k + 5 = 5*v - v, -2*v + 4*k + 16 = 0. Suppose v*t = -5*j + 1425, 2*j + 7*t - 554 = 3*t. Let c = -165 + j. What are the prime factors of c?
2, 61
Suppose -j = -6108 - 13790. What are the prime factors of j?
2, 9949
Suppose o + 3*i - i + 76 = 0, 78 = -o - 3*i. Let m = 62 + o. List the prime factors of 3635/25 + 4/m.
5, 29
Let t(r) = -3*r + 13*r**2 - 7*r + 13 - 25 + r. List the prime factors of t(-7).
2, 43
Suppose -k + 83 = -5*f + 209, -f + 580 = -4*k. Let w = k - -430. List the prime factors of w.
2, 71
Let j(x) = 1153*x - 167. Let r be j(7). Suppose -21*b + r = -5*b. What are the prime factors of b?
2, 13, 19
Let t(q) be the first derivative of -25*q**2 - 154*q + 72. List the prime factors of t(-11).
2, 3, 11
Let j = 12339 + -4622. List the prime factors of j.
7717
Let r be 92308/423 + 2/(-9). Suppose 0 = 24*x + r - 11594. List the prime factors of x.
2, 3, 79
Let i(j) = j**2 + 4*j + 56. Let o be i(-32). Suppose -o - 222 = -2*f. What are the prime factors of f?
587
List the prime factors of -1*(-500 - 2)*(-25)/((-400)/232).
29, 251
Let w(r) = 1569*r**3 + 4*r**2 - 3*r + 2. List the prime factors of w(1).
2, 3, 131
Let y(o) = -o**2 - 23*o + 47. Let c be y(-25). List the prime factors of -11 - (-10 + c) - (1 - 334).
5, 67
Let q be -1*(20 + 5 + -3). Let h(k) = -k - 22. Let f be h(q). Suppose f = -2*n + 13*n - 748. List the prime factors of n.
2, 17
Let o = 12710 + -10823. List the prime factors of o.
3, 17, 37
Suppose -20*u + 179 = -5921. Suppose 2*f - 4*d - u = 331, 0 = 2*f - d - 627. What are the prime factors of f?
2, 3, 13
Let t(b) = b**2 + 2*b - 457. List the prime factors of t(-35).
2, 349
Suppose 4*o + 79 = -3*f - 0*f, -10 = 2*f. Let n be (-5 + o)*(-2)/7. List the prime factors of (-31)/(-4) + n/24.
2
Let l = 6304 + -6032. List the prime factors of l.
2, 17
Let x(h) = 266*h**3 + 50*h - 163. List the prime factors of x(4).
3, 11, 47
Suppose 5*x - 5*k - 115 = 0, 4*x = 5*x - 4*k - 8. Let r = 5 + x. Suppose -d + z = -49, d + 0*d - r = 5*z. List the prime factors of d.
53
Suppose -22*m + 2344 = -1044. List the prime factors of m.
2, 7, 11
Suppose 4*q - 2*f = 42, f = -2*f - 3. Suppose 5*m = 10*m + 20, 5*p - 2640 = -5*m. Suppose -q*k = -198 - p. List the prime factors of k.
73
Let k be (-82722)/(-442) + 2/13*-1. Suppose 146 = k*z - 186*z. List the prime factors of z.
2, 73
Suppose -4*o + 38 = -5*u, -4*u + o + 0*o - 37 = 0. Let y = u + 9. Let j(w) = -41*w. What are the prime factors of j(y)?
41
Suppose -307*q + 9009 = 5*t - 306*q, 4*t - 2*q = 7196. What are the prime factors of t?
1801
Suppose -17840 + 4670 = -5*m. List the prime factors of m.
2, 3, 439
Suppose -4*u + 164857 = 3*f, 5*u = 5*f - 6*f + 206074. What are the prime factors of u?
5, 8243
What are the prime factors of (2233/(-116) + 19)*60948/(-1)?
3, 1693
Suppose -2*l + q - 2*q + 4 = 0, -2*l = 3*q - 4. Let i(d) = 164*d + 43. List the prime factors of i(l).
7, 53
Suppose 30 = -17*r - 13*r. List the prime factors of r - 2214/(-2) - (-15 - -11).
2, 3, 5, 37
Let p(d) = 464*d**3 - 5*d**2 + 13*d - 2. Let g be p(-4). What are the prime factors of 4/(-180)*-5 + g/(-45)?
3, 13, 17
Let u(s) = -2*s**2 - s + 1. Let k be u(1). Let i(v) = v**2 + v + 2. Let m be i(k). Suppose m*p = -0*p + 384. List the prime factors of p.
2, 3
Let t(s) = -s**3 - 15*s**2 - 9*s + 21. Let k(q) = -q + 3. Let u be k(18). Let w be t(u). Suppose -r + w = 3*r. List the prime factors of r.
3, 13
Let o(i) = i**3 - 6*i**2 + 31*i + 3. Let q be o(6). Let n = q + 128. List the prime factors of n.
317
Let p(n) = 8*n**2 + 3*n. Let k be p(-3). Suppose 5*d = c - k, 2*d - 15 = 4*d + 3*c. Let u(h) = h**3 + 11*h**2 - 18*h - 3. List the prime factors of u(d).
3, 23
Let x = 48 - -173. Suppose x + 303 = 4*g. List the prime factors of g - ((-12)/(-18))/((-6)/9).
2, 3, 11
Let s(i) = -39*i**3 - 13*i**2 - 20*i + 33. List the prime factors of s(-7).
37, 349
Let d be (3 - 95/(-35)) + (-2)/(-7). Suppose 0 = -3*b - d + 222. Let y = 110 - b. What are the prime factors of y?
2, 19
Let c(o) = -6*o - 5. Let s = 47 - 60. Let a be c(s). Suppose a = 5*k - 337. List the prime factors of k.
2, 41
Let i = -108 + 73. Let s(v) = -21*v - 79. What are the prime factors of s(i)?
2, 41
Let j(g) = g**3 + 13*g**2 - 15*g - 7. Let m be j(-14). Let d(f) = 2*f**3 + 13*f**2 - 47*f - 14. What are the prime factors of d(m)?
2, 5, 7
Let p(b) = b**3 - b**2 + 2*b + 236. Let w be p(0). Let v be (-1 - 9/(-3)) + -2. Suppose 5*q = -3*n + w, 3*q + 74 = n - v*n. List the prime factors of n.
7, 11
Suppose 70*c - 3282136 = -73*c. What are the prime factors of c?
2, 19, 151
Let l = 14998 + -6987. What are the prime factors of l?
8011
Let o(k) = -2*k**3 - 16*k**2 - 7*k + 37. Let y(x) = 27*x - 119. Let s be y(4). What are the prime factors of o(s)?
2, 3, 5, 7
Let s = 15581 + -6236. List the prime factors of s.
3, 5, 7, 89
Let o = -239 + 631. Let d be ((-18)/9)/((-1)/4 - 70/(-600)). Suppose 107 = -d*z + o. List the prime factors of z.
19
Let m(s) = s**3 - 24*s**2 - 114*s + 69. Let i be m(28). What are the prime factors of (7046/i)/(2/(-21)*-3)?
7, 271
Suppose 2*r - 34 = -24. Suppose 3*a + 230 = -4*u + 1256, r*u - 1369 = -4*a. What are the prime factors of a?
2, 173
Suppose -593 + 613 = -5*v. List the prime factors of (-136)/((v/6)/((-12)/(-9))).
2, 17
Let q = 1542 + 1032. Suppose 5*t + t = q. List the prime factors of t.
3, 11, 13
Let q(p) = p**3 + 25*p**2 - 11*p + 9. Let j be q(-25). Let w = -159 + j. List the prime factors of w.
5
Suppose -51*t - 58*t + 5982723 = 140*t. List the prime factors of t.
3, 8009
Suppose -226*d - 48 = -220*d. List the prime factors of d - 2984/(-4) - 6.
2, 3, 61
Suppose 9*g - 7386 - 69510 = 0. What are the prime factors of g?
2, 3, 89
Let t(z) = 2*z**2 + 5*z - 38. Let q be t(-6). Suppose -q*l = 15 + 5, 2*l = -5*f + 405. What are the prime factors of f?
83
List the prime factors of (-1538)/((-24246)/(-2025) + -12).
3, 5, 769
Let n(v) = 2*v**2 - 2*v**2 + 2 + 5*v**2 - v**2 + 3*v. Let s be n(-1). Suppose 2*k = -s*b + 110, -2*k + 7*k - 5*b = 275. What are the prime factors of k?
5, 11
Let c(y) = 3*y + 71 + y - 2*y. What are the prime factors of c(8)?
3, 29
Let l(b) = 2*b**2 - 95*b + 3543. What are the prime factors of l(104)?
5, 7, 19, 23
Let n(l) be the third derivative of -l**5/30 + 11*l**4/12 + 4*l**3 + 153*l**2. List the prime factors of n(8).
2, 3
Let n be (14/(-28))/(2/40*-2). Suppose -3*h - 946 = -n*h - 4*t, 3*t + 448 = h. List the prime factors of h.
463
Let i = 3737 - 2592. List the prime factors of i.
5, 229
Suppose 5*c = 5, 4*n = 6*n - 4*c - 20. Suppose 0 = -2*d - p + 2830 - 1081, 0 = 4*p + n. What are the prime factors of d?
2, 3, 73
Suppose 5*i + 26 = 5*q - 2*q, -6 = -q - i. What are the prime factors of 6 - (q + 146)*-4?
2, 3, 103
Suppose -46621 = -11*n - 4139. What are the prime factors of n/7 + 16/56?
2, 3, 23
Suppose 2*c + 352 = -3*f - 394, 0 = -3*f - 5*c - 758. Let z = 403 + f. What are the prime factors of z?
157
Suppose 58*r + 6001 = 59*r. What are the prime factors of r?
17, 353
Let j(b) = 145*b**3 + 10*b**2 - 12*b - 4. List the prime factors of j(3).
5, 13, 61
Suppose 0 = -4*c + 20, 5*l + 31*c = 35*c + 18285. List the prime factors of l.
7, 523
Let i = 53 - 60. Let g(k) = k**3 + 7*k**2 - 3*k - 18. Let y be g(i). Suppose -y*w + 96 = -90. List the prime factors of w.
2, 31
Let q(a) = 200*a - 11. Let i(g) = -67*g + 4. Let s(o) = -17*i(o) - 6*q(o). Let b(v) = v**2 + 3*v - 1. Let r be b(-3). List the prime factors of s(r).
59
Let h(s) = s**3 + 12*s**2 - 38*s - 4. Let p(u) = 13*u - 26. Let i be p(1). List the prime factors of h(i).
3, 107
Let o = -4773 - -7126. List the prime factors of o.
13, 